{"id":28501,"date":"2026-08-28T05:19:03","date_gmt":"2026-08-28T05:19:03","guid":{"rendered":"https:\/\/www.padel-test.de\/padel-turniere\/padel-zone-cup-schwaebisch-gmuend-2\/"},"modified":"2026-08-28T05:19:03","modified_gmt":"2026-08-28T05:19:03","slug":"padel-zone-cup-schwaebisch-gmuend-2","status":"publish","type":"ecom_event","link":"https:\/\/www.padel-test.de\/en\/padel-tournaments-2\/padel-zone-cup-schwaebisch-gmuend-2\/","title":{"rendered":"Padel Zone Cup &#8211; Schw\u00e4bisch Gm\u00fcnd"},"content":{"rendered":"<p>The <strong>Padel Zone Cup<\/strong> findet am <strong>27. September 2026<\/strong> in der <strong>Padel Zone Schw\u00e4bisch Gm\u00fcnd<\/strong> statt. Das Turnier bietet Padel-Begeisterten die M\u00f6glichkeit, sich in Schw\u00e4bisch Gm\u00fcnd miteinander zu messen.<\/p>\n<p>Interessierte k\u00f6nnen sich direkt \u00fcber den offiziellen Anmeldelink des DPV-Portals f\u00fcr das Turnier registrieren: <a href=\"https:\/\/portal.dpv-padel.de\/tournaments\/10c1a244-11e9-4153-9a49-33d0b506374d\" rel=\"nofollow noopener\" target=\"_blank\">Jetzt anmelden<\/a>.<\/p>","protected":false},"excerpt":{"rendered":"<p>Der Padel Zone Cup findet am 27. September 2026 in der Padel Zone Schw\u00e4bisch Gm\u00fcnd statt. Das Turnier bietet Padel-Begeisterten die M\u00f6glichkeit, sich in Schw\u00e4bisch Gm\u00fcnd miteinander zu messen. Interessierte k\u00f6nnen sich direkt \u00fcber den offiziellen Anmeldelink des DPV-Portals f\u00fcr das Turnier registrieren: Jetzt anmelden.<\/p>","protected":false},"featured_media":0,"template":"","tags":[199],"ecom_event_category":[275],"ecom_event_level":[276],"class_list":["post-28501","ecom_event","type-ecom_event","status-publish","hentry","tag-padel-turnier","ecom_event_category-turnier","ecom_event_level-anfaenger"],"acf":{"cpt_status":"active","type":"event","single_start_date":"2026-09-27","single_start_time":"07:00:00","single_end_date":"2026-09-27","single_end_time":"13:00:00","geschlecht":["Damen"],"event_company":[16586],"organizer_notice":"","is_free":"kostenpflichtig","price":0,"currency":"EUR","registration_url":"https:\/\/portal.dpv-padel.de\/tournaments\/10c1a244-11e9-4153-9a49-33d0b506374d","venue":{"venue_title":"Padel Zone Schw\u00e4bisch Gm\u00fcnd","address":"Richard-Bullinger Stra\u00dfe 66, Schw\u00e4bisch Gm\u00fcnd","location":{"address":"Richard-Bullinger-Stra\u00dfe, Schw\u00e4bisch Gm\u00fcnd, VVG der Stadt Schw\u00e4bisch Gm\u00fcnd, Ostalbkreis, Baden-W\u00fcrttemberg, 73527, Deutschland","lat":48.8068327,"lng":9.8137764,"zoom":14,"place_id":122998708,"city":"Schw\u00e4bisch Gm\u00fcnd","state":"Baden-W\u00fcrttemberg","post_code":73527,"country":"DE"},"postal_code":"73527","city":"Schw\u00e4bisch Gm\u00fcnd","country":"DE","website":"","contact_person":"","email":"","phone":""},"uuid":"dpv_54462b85-55bc-4119-9ae7-41072c4e7c36"},"_links":{"self":[{"href":"https:\/\/www.padel-test.de\/en\/wp-json\/wp\/v2\/ecom_event\/28501","targetHints":{"allow":["GET"]}}],"collection":[{"href":"https:\/\/www.padel-test.de\/en\/wp-json\/wp\/v2\/ecom_event"}],"about":[{"href":"https:\/\/www.padel-test.de\/en\/wp-json\/wp\/v2\/types\/ecom_event"}],"acf:post":[{"embeddable":true,"href":"https:\/\/www.padel-test.de\/en\/wp-json\/wp\/v2\/padel_association\/16586"}],"wp:attachment":[{"href":"https:\/\/www.padel-test.de\/en\/wp-json\/wp\/v2\/media?parent=28501"}],"wp:term":[{"taxonomy":"post_tag","embeddable":true,"href":"https:\/\/www.padel-test.de\/en\/wp-json\/wp\/v2\/tags?post=28501"},{"taxonomy":"ecom_event_category","embeddable":true,"href":"https:\/\/www.padel-test.de\/en\/wp-json\/wp\/v2\/ecom_event_category?post=28501"},{"taxonomy":"ecom_event_level","embeddable":true,"href":"https:\/\/www.padel-test.de\/en\/wp-json\/wp\/v2\/ecom_event_level?post=28501"}],"curies":[{"name":"wp","href":"https:\/\/api.w.org\/{rel}","templated":true}]}}

Padel Zone Cup &#8211; Schwäbisch Gmünd

<p>The <strong>Padel Zone Cup</strong> findet am <strong>27. September 2026</strong> in der <strong>Padel Zone Schwäbisch Gmünd</strong> statt. Das Turnier bietet Padel-Begeisterten die Möglichkeit, sich in Schwäbisch Gmünd miteinander zu messen.</p>
<p>Interessierte können sich direkt über den offiziellen Anmeldelink des DPV-Portals für das Turnier registrieren: <a href="https://portal.dpv-padel.de/tournaments/10c1a244-11e9-4153-9a49-33d0b506374d" rel="nofollow noopener" target="_blank">Jetzt anmelden</a>.</p>

<p>Der Padel Zone Cup findet am 27. September 2026 in der Padel Zone Schwäbisch Gmünd statt. Das Turnier bietet Padel-Begeisterten die Möglichkeit, sich in Schwäbisch Gmünd miteinander zu messen. Interessierte können sich direkt über den offiziellen Anmeldelink des DPV-Portals für das Turnier registrieren: Jetzt anmelden.</p>

Padel Zone Schwäbisch Gmünd

Richard-Bullinger Straße 66, Schwäbisch Gmünd

Richard-Bullinger-Straße, Schwäbisch Gmünd, VVG der Stadt Schwäbisch Gmünd, Ostalbkreis, Baden-Württemberg, 73527, Deutschland

Schwäbisch Gmünd

Baden-Württemberg
