{"id":20257,"date":"2023-01-23T18:51:18","date_gmt":"2023-01-23T18:51:18","guid":{"rendered":"https:\/\/www.padel-test.de\/?post_type=padel_location&#038;p=20257"},"modified":"2023-01-23T18:51:18","modified_gmt":"2023-01-23T18:51:18","slug":"padel-hannover-post-sv","status":"publish","type":"padel_location","link":"https:\/\/www.padel-test.de\/es\/lugares-de-padel-2\/padel-hannover-post-sv\/","title":{"rendered":"Padel Hannover Post SV"},"content":{"rendered":"<p>Por fin hay un centro de p\u00e1del en Hannover: \u00a1en el club deportivo Post SV de Hannover!<\/p>\n<p>Y para la inauguraci\u00f3n en septiembre de 2022, el presidente regional Steffen Krach y el presidente del TNB \/ vicepresidente del DTB Raik Packeiser acudieron junto a numerosos espectadores.<\/p>\n<p>La pista de p\u00e1del se inaugur\u00f3 oficialmente con un partido de exhibici\u00f3n entre Steffen Krach\/ Timo Mertesacker contra S\u00f6ren Christophersen \/Mirko Slomka.<\/p>\n<p>Tu veredicto: \u00a1Mega diversi\u00f3n!<\/p>\n<p>&nbsp;<\/p>\n<blockquote><p><em>\"Cuando se inaugure la 2\u00aa Plaza en la primavera de 2023, quiero estar all\u00ed para el doblete de apertura\", dice Raik Packeiser con entusiasmo.<\/em><\/p><\/blockquote>\n<p>El Post SV tambi\u00e9n est\u00e1 abierto a personas ajenas al club y a las escuelas vecinas para acercar este deporte de moda a muchas personas interesadas. Las reservas pueden hacerse en www.padelhannover.de a trav\u00e9s de bookandplay.<\/p>\n<blockquote><p>\n<em>\"El p\u00e1del no es un rel\u00e1mpago\", dice Kehler, \"espero que nos sigan numerosos clubes para que tambi\u00e9n se pueda crear una liga\".<\/em><\/p><\/blockquote>","protected":false},"excerpt":{"rendered":"<p>Por \u00faltimo, tambi\u00e9n hay una sede de p\u00e1del en Hannover: \u00a1en el club deportivo Post SV de Hannover! A la inauguraci\u00f3n en septiembre de 2022 asistieron muchos espectadores, entre ellos el Presidente de la Regi\u00f3n Steffen Krach y el Presidente del TNB \/ Vicepresidente del DTB Raik Packeiser. La pista de p\u00e1del se inaugur\u00f3 oficialmente con un partido de exhibici\u00f3n entre Steffen Krach\/Timo Mertesacker contra S\u00f6ren Christophersen\/Mirko Slomka....<\/p>","protected":false},"author":1,"featured_media":20261,"template":"","class_list":["post-20257","padel_location","type-padel_location","status-publish","has-post-thumbnail","hentry"],"acf":{"hinweis_an_redaktion":"","unternehmen":"","logo_unedited":"","company_name":"Padel Hannover Post SV","company_logo":20259,"company_icon":"","logo_link_type":"nofollow","gallery":[20261,20263,20264,20262,20260],"company_news":"","location":{"address":"Bischofsholer Damm 121, 30173 Hannover, Germany","lat":52.3623427,"lng":9.7793668,"zoom":0,"place_id":"ChIJB9L41GoLsEcR0BVZKt0bEEE","name":"Bischofsholer Damm 121","street_number":121,"street_name":"Bischofsholer Damm","city":"Hannover","state":"Niedersachsen","state_short":"NDS","post_code":30173,"country":"Germany","country_short":"DE"},"address":"Bischofsholer Damm 121","postal_code":"30173","city":"Hannover ","country":"DE","website":"https:\/\/padelhannover.de\/","contact_person":"","phone":"","email":"info@padelhannover.de","social_media_vorlage":"","social_media":[{"network":"instagram","url":"https:\/\/www.instagram.com\/padelhannover\/"}],"kosten":"","status":"active","dpb_partner":false,"features":["Outdoor Padel","Schl\u00e4ger Verleih","Padel Training","Online Buchung","Gastronomie"],"court_count":1,"opening":null,"spielzeiten_aus_formular":"","padelplatz_buchen":"https:\/\/www.bookandplay.de\/cgi-bin\/WebObjects\/BookAndPlay.woa\/4\/wa\/platz_buchen?id=NTV-offen1&amp;wosid=uucxr2kmfmthrsqd0UeeLw","trainingsangebot":""},"_links":{"self":[{"href":"https:\/\/www.padel-test.de\/es\/wp-json\/wp\/v2\/padel_location\/20257","targetHints":{"allow":["GET"]}}],"collection":[{"href":"https:\/\/www.padel-test.de\/es\/wp-json\/wp\/v2\/padel_location"}],"about":[{"href":"https:\/\/www.padel-test.de\/es\/wp-json\/wp\/v2\/types\/padel_location"}],"author":[{"embeddable":true,"href":"https:\/\/www.padel-test.de\/es\/wp-json\/wp\/v2\/users\/1"}],"version-history":[{"count":0,"href":"https:\/\/www.padel-test.de\/es\/wp-json\/wp\/v2\/padel_location\/20257\/revisions"}],"acf:attachment":[{"embeddable":true,"href":"https:\/\/www.padel-test.de\/es\/wp-json\/wp\/v2\/media\/20260"},{"embeddable":true,"href":"https:\/\/www.padel-test.de\/es\/wp-json\/wp\/v2\/media\/20262"},{"embeddable":true,"href":"https:\/\/www.padel-test.de\/es\/wp-json\/wp\/v2\/media\/20264"},{"embeddable":true,"href":"https:\/\/www.padel-test.de\/es\/wp-json\/wp\/v2\/media\/20263"},{"embeddable":true,"href":"https:\/\/www.padel-test.de\/es\/wp-json\/wp\/v2\/media\/20261"}],"wp:featuredmedia":[{"embeddable":true,"href":"https:\/\/www.padel-test.de\/es\/wp-json\/wp\/v2\/media\/20261"}],"wp:attachment":[{"href":"https:\/\/www.padel-test.de\/es\/wp-json\/wp\/v2\/media?parent=20257"}],"curies":[{"name":"wp","href":"https:\/\/api.w.org\/{rel}","templated":true}]}}

<p>Por fin hay un centro de pádel en Hannover: ¡en el club deportivo Post SV de Hannover!</p>
<p>Y para la inauguración en septiembre de 2022, el presidente regional Steffen Krach y el presidente del TNB / vicepresidente del DTB Raik Packeiser acudieron junto a numerosos espectadores.</p>
<p>La pista de pádel se inauguró oficialmente con un partido de exhibición entre Steffen Krach/ Timo Mertesacker contra Sören Christophersen /Mirko Slomka.</p>
<p>Tu veredicto: ¡Mega diversión!</p>
<p>&nbsp;</p>
<blockquote><p><em>"Cuando se inaugure la 2ª Plaza en la primavera de 2023, quiero estar allí para el doblete de apertura", dice Raik Packeiser con entusiasmo.</em></p></blockquote>
<p>El Post SV también está abierto a personas ajenas al club y a las escuelas vecinas para acercar este deporte de moda a muchas personas interesadas. Las reservas pueden hacerse en www.padelhannover.de a través de bookandplay.</p>
<blockquote><p>
<em>"El pádel no es un relámpago", dice Kehler, "espero que nos sigan numerosos clubes para que también se pueda crear una liga".</em></p></blockquote>

<p>Por último, también hay una sede de pádel en Hannover: ¡en el club deportivo Post SV de Hannover! A la inauguración en septiembre de 2022 asistieron muchos espectadores, entre ellos el Presidente de la Región Steffen Krach y el Presidente del TNB / Vicepresidente del DTB Raik Packeiser. La pista de pádel se inauguró oficialmente con un partido de exhibición entre Steffen Krach/Timo Mertesacker contra Sören Christophersen/Mirko Slomka....</p>

Schläger Verleih
