{"id":17133,"date":"2018-08-28T18:05:00","date_gmt":"2018-08-28T18:05:00","guid":{"rendered":"http:\/\/www.padel-test.de\/padel-nachrichten\/padel-trainer\/thomas-loenegren\/"},"modified":"2022-09-20T20:28:11","modified_gmt":"2022-09-20T20:28:11","slug":"thomas-loenegren","status":"publish","type":"padel_trainer","link":"https:\/\/www.padel-test.de\/it\/allenatore-di-padel-2\/thomas-loenegren\/","title":{"rendered":"Thomas L\u00f6negren"},"content":{"rendered":"<div id=\"attachment_5119\" style=\"width: 176px\" class=\"wp-caption alignright\"><img loading=\"lazy\" decoding=\"async\" aria-describedby=\"caption-attachment-5119\" class=\"wp-image-5119 size-full\" src=\"https:\/\/www.padel-test.de\/wp-content\/uploads\/2022\/09\/Foto.png\" alt=\"Thomas L\u00f6negren\" width=\"166\" height=\"167\" \/><p id=\"caption-attachment-5119\" class=\"wp-caption-text\">Thomas L\u00f6negren<\/p><\/div>\n<p>Thomas L\u00f6negren gestisce la sua struttura di padel (TVN PADEL Essen) dal 2015 ed \u00e8 un allenatore di padel autorizzato che attualmente allena anche la squadra nazionale tedesca di padel.<\/p>\n<p>Thomas \u00e8 stato uno dei primi in Germania ad impegnarsi completamente nello sport del Padel ed \u00e8 stato, tra l'altro, l'organizzatore del Padel Village all'ISPO 2014 e 2015 (PADEL PLUS insieme al World Padel Tour. A questi eventi di padel nell'ambito della pi\u00f9 grande fiera sportiva della Germania, hanno partecipato noti giocatori di padel di livello mondiale come Paquito Navaro, Matthias Diaz, Sebastian Nerone, Juan Gisbert, Hernan Auguste e Gaby Reca.<\/p>\n<p>Inoltre, Thomas L\u00f6negren \u00e8 un membro del consiglio e fondatore della DPB (Federazione tedesca di Padel) e della EPF (Federazione europea di Padel).<\/p>\n<p>Prima di questo, ha lasciato il segno nel tennis professionale come allenatore ed \u00e8 diventato campione della Bundesliga tedesca nel 2001 con il TC BW Dinslaken - il che lo rende predestinato a dare anche ai giocatori di padel il vantaggio decisivo per avere successo.<\/p>","protected":false},"excerpt":{"rendered":"<p>Thomas L\u00f6negren gestisce la sua struttura di padel (TVN PADEL Essen) dal 2015 ed \u00e8 un allenatore di padel autorizzato che attualmente allena anche la squadra nazionale tedesca di padel. Thomas \u00e8 stato uno dei primi in Germania a dedicarsi completamente allo sport del padel ed \u00e8 stato, tra l'altro, l'organizzatore del Padel Village all'ISPO 2014 e 2015...<\/p>","protected":false},"author":1,"template":"","class_list":["post-17133","padel_trainer","type-padel_trainer","status-publish","has-post-thumbnail","hentry"],"acf":{"company_name":"Padel-Trainer Thomas L\u00f6negren","company_logo":17136,"company_icon":17138,"logo_link_type":"nofollow","gallery":[],"company_news":null,"location":{"address":"Damaschkeweg 18, Dinslaken, Germany","lat":51.5678996,"lng":6.717877499999986,"zoom":14,"street_number":"","street_name":"","street_short_name":"","city":"","state":"","state_short":"","post_code":"","country":"","country_short":"","place_id":""},"address":"Damaschkeweg 1","postal_code":"46535","city":"Dinslaken","country":"Deutschland","website":"","contact_person":"Thomas L\u00f6negren","phone":"+49-176-20123601","email":"tl@padelplus.de","social_media_vorlage":"","social_media":null},"_links":{"self":[{"href":"https:\/\/www.padel-test.de\/it\/wp-json\/wp\/v2\/padel_trainer\/17133","targetHints":{"allow":["GET"]}}],"collection":[{"href":"https:\/\/www.padel-test.de\/it\/wp-json\/wp\/v2\/padel_trainer"}],"about":[{"href":"https:\/\/www.padel-test.de\/it\/wp-json\/wp\/v2\/types\/padel_trainer"}],"author":[{"embeddable":true,"href":"https:\/\/www.padel-test.de\/it\/wp-json\/wp\/v2\/users\/1"}],"version-history":[{"count":0,"href":"https:\/\/www.padel-test.de\/it\/wp-json\/wp\/v2\/padel_trainer\/17133\/revisions"}],"wp:featuredmedia":[{"embeddable":true,"href":"https:\/\/www.padel-test.de\/it\/wp-json\/wp\/v2\/media\/17140"}],"wp:attachment":[{"href":"https:\/\/www.padel-test.de\/it\/wp-json\/wp\/v2\/media?parent=17133"}],"curies":[{"name":"wp","href":"https:\/\/api.w.org\/{rel}","templated":true}]}}

Thomas Lönegren

<div id="attachment_5119" style="width: 176px" class="wp-caption alignright"><img loading="lazy" decoding="async" aria-describedby="caption-attachment-5119" class="wp-image-5119 size-full" src="https://www.padel-test.de/wp-content/uploads/2022/09/Foto.png" alt="Thomas Lönegren" width="166" height="167" /><p id="caption-attachment-5119" class="wp-caption-text">Thomas Lönegren</p></div>
<p>Thomas Lönegren gestisce la sua struttura di padel (TVN PADEL Essen) dal 2015 ed è un allenatore di padel autorizzato che attualmente allena anche la squadra nazionale tedesca di padel.</p>
<p>Thomas è stato uno dei primi in Germania ad impegnarsi completamente nello sport del Padel ed è stato, tra l'altro, l'organizzatore del Padel Village all'ISPO 2014 e 2015 (PADEL PLUS insieme al World Padel Tour. A questi eventi di padel nell'ambito della più grande fiera sportiva della Germania, hanno partecipato noti giocatori di padel di livello mondiale come Paquito Navaro, Matthias Diaz, Sebastian Nerone, Juan Gisbert, Hernan Auguste e Gaby Reca.</p>
<p>Inoltre, Thomas Lönegren è un membro del consiglio e fondatore della DPB (Federazione tedesca di Padel) e della EPF (Federazione europea di Padel).</p>
<p>Prima di questo, ha lasciato il segno nel tennis professionale come allenatore ed è diventato campione della Bundesliga tedesca nel 2001 con il TC BW Dinslaken - il che lo rende predestinato a dare anche ai giocatori di padel il vantaggio decisivo per avere successo.</p>

<p>Thomas Lönegren gestisce la sua struttura di padel (TVN PADEL Essen) dal 2015 ed è un allenatore di padel autorizzato che attualmente allena anche la squadra nazionale tedesca di padel. Thomas è stato uno dei primi in Germania a dedicarsi completamente allo sport del padel ed è stato, tra l'altro, l'organizzatore del Padel Village all'ISPO 2014 e 2015...</p>

Padel-Trainer Thomas Lönegren
