{"id":16581,"date":"2017-10-23T16:16:49","date_gmt":"2017-10-23T16:16:49","guid":{"rendered":"http:\/\/www.padel-test.de\/padel-verbaende\/padel-verband-europa\/"},"modified":"2022-11-16T20:58:50","modified_gmt":"2022-11-16T20:58:50","slug":"padel-association-europe","status":"publish","type":"padel_association","link":"https:\/\/www.padel-test.de\/pt\/padel-verbaende\/padel-association-europe\/","title":{"rendered":"Federa\u00e7\u00e3o Padel Europa EPF"},"content":{"rendered":"<p>O <strong>Federa\u00e7\u00e3o Europeia de Padel EPF<\/strong> (\"Federa\u00e7\u00e3o Europeia de Padel\"), com sede em Madrid, \u00e9 uma iniciativa dos pa\u00edses Espanha e Portugal que, juntamente com as suas associa\u00e7\u00f5es de padel, t\u00eam o maior n\u00famero de jogadores e de campos de padel.<\/p>\n<p>A miss\u00e3o da Federa\u00e7\u00e3o Europeia de Padel \u00e9 apoiar o crescimento do Padel em toda a Europa, principalmente atrav\u00e9s da organiza\u00e7\u00e3o de eventos inter-europeus, de acordo com os estatutos da <a href=\"\/pt\/federacao-mundial-de-padel\/\">FIP - a Federa\u00e7\u00e3o Mundial de Padel<\/a>.<\/p>","protected":false},"excerpt":{"rendered":"<p>Federa\u00e7\u00e3o Europeia de Padel EPF: A Federa\u00e7\u00e3o Europeia de Padel (EPF), com sede em Madrid, \u00e9 uma iniciativa de Espanha e Portugal, que, juntamente com as suas associa\u00e7\u00f5es de padel, t\u00eam o maior n\u00famero de jogadores e de campos de padel...<\/p>","protected":false},"author":1,"template":"","class_list":["post-16581","padel_association","type-padel_association","status-publish","hentry"],"acf":{"company_name":"Padel Verband Europa EPF","company_logo":16583,"company_icon":16585,"logo_link_type":"nofollow","gallery":"","company_news":"","location":{"address":"Avenida de Francisco Guerrero, 6b, San Sebasti\u00e1n de los Reyes, Spanien","lat":40.60479490000001,"lng":-3.584203500000058,"zoom":14,"street_number":"","street_name":"","street_short_name":"","city":"","state":"","state_short":"","post_code":"","country":"","country_short":"","place_id":""},"address":"Avda. Francisco Guerrero 6B","postal_code":"28706","city":"San Sebasti\u00e1n de los Reyes (Madrid)","country":"ES","website":"http:\/\/europeanpadelfederation.eu\/","contact_person":"","phone":"","email":"info@europeanpadelfederation.eu","social_media_vorlage":"","social_media":null},"_links":{"self":[{"href":"https:\/\/www.padel-test.de\/pt\/wp-json\/wp\/v2\/padel_association\/16581","targetHints":{"allow":["GET"]}}],"collection":[{"href":"https:\/\/www.padel-test.de\/pt\/wp-json\/wp\/v2\/padel_association"}],"about":[{"href":"https:\/\/www.padel-test.de\/pt\/wp-json\/wp\/v2\/types\/padel_association"}],"author":[{"embeddable":true,"href":"https:\/\/www.padel-test.de\/pt\/wp-json\/wp\/v2\/users\/1"}],"version-history":[{"count":0,"href":"https:\/\/www.padel-test.de\/pt\/wp-json\/wp\/v2\/padel_association\/16581\/revisions"}],"wp:attachment":[{"href":"https:\/\/www.padel-test.de\/pt\/wp-json\/wp\/v2\/media?parent=16581"}],"curies":[{"name":"wp","href":"https:\/\/api.w.org\/{rel}","templated":true}]}}

Federação Padel Europa EPF

<p>O <strong>Federação Europeia de Padel EPF</strong> ("Federação Europeia de Padel"), com sede em Madrid, é uma iniciativa dos países Espanha e Portugal que, juntamente com as suas associações de padel, têm o maior número de jogadores e de campos de padel.</p>
<p>A missão da Federação Europeia de Padel é apoiar o crescimento do Padel em toda a Europa, principalmente através da organização de eventos inter-europeus, de acordo com os estatutos da <a href="/pt/federacao-mundial-de-padel/">FIP - a Federação Mundial de Padel</a>.</p>

<p>Federação Europeia de Padel EPF: A Federação Europeia de Padel (EPF), com sede em Madrid, é uma iniciativa de Espanha e Portugal, que, juntamente com as suas associações de padel, têm o maior número de jogadores e de campos de padel...</p>

Avenida de Francisco Guerrero, 6b, San Sebastián de los Reyes, Spanien

San Sebastián de los Reyes (Madrid)
