{"id":16526,"date":"2017-10-23T16:16:37","date_gmt":"2017-10-23T16:16:37","guid":{"rendered":"http:\/\/www.padel-test.de\/padel-verbaende\/padel-weltverband\/"},"modified":"2017-10-23T16:16:37","modified_gmt":"2017-10-23T16:16:37","slug":"vaerldsfoerbundet-foer-padel","status":"publish","type":"padel_association","link":"https:\/\/www.padel-test.de\/sv\/padelfoereningar-2\/vaerldsfoerbundet-foer-padel\/","title":{"rendered":"Padel World Federation FIP"},"content":{"rendered":"<p>Den <strong>Internationella Padelf\u00f6rbundet FIP<\/strong> med s\u00e4te i Madrid, grundades i juli 1991 som en \u00f6verenskommelse mellan de argentinska, spanska och uruguayanska padelf\u00f6rbunden.<\/p>\n<p>World Padel Federation, ofta bara kallad FIP Padel, \u00e4r en ideell organisation p\u00e5 obest\u00e4md tid vars syfte \u00e4r att fr\u00e4mja alla former av padel i hela v\u00e4rlden och att underl\u00e4tta medlemsl\u00e4ndernas tillg\u00e5ng till den internationella idrottsv\u00e4rlden, samt att fastst\u00e4lla standarder f\u00f6r spelare i alla \u00e5ldrar, tr\u00e4nare, domare och turneringar. Det l\u00e5ngsiktiga m\u00e5let f\u00f6r FIP \u00e4r att erk\u00e4nnas av IOK och det associerade deltagandet av <a href=\"\/sv\/padel-nyheter\/padel-olympiska-spelen\/\">Padel vid de olympiska spelen<\/a>.<\/p>\n<p>FIP organiserar ocks\u00e5 v\u00e4rldsm\u00e4sterskapen i padel f\u00f6r m\u00e4n, kvinnor och juniorer och uppr\u00e4tth\u00e5ller den eftertraktade v\u00e4rldsrankingen bland spelarna.<\/p>","protected":false},"excerpt":{"rendered":"<p>FIP Padel: Die Internationale Padel F\u00f6deration FIP mit Sitz in Madrid wurde im Juli 1991 als Abkommen zwischen dem Argentinischen, dem Spanischen sowie Uruguayischen Padel-Verband gegr\u00fcndet.Der Padel Weltverb&#8230;<\/p>","protected":false},"author":1,"template":"","class_list":["post-16526","padel_association","type-padel_association","status-publish","has-post-thumbnail","hentry"],"acf":{"company_name":"Padel Weltverband FIP","company_logo":16528,"company_icon":16530,"logo_link_type":"nofollow","gallery":[],"company_news":[17618,17595,17598,17465],"location":{"address":"Calle de Ayala, n.158, Madrid, Spanien","lat":40.427524,"lng":-3.679880799999978,"zoom":14,"street_number":"","street_name":"","street_short_name":"","city":"","state":"","state_short":"","post_code":"","country":"","country_short":"","place_id":""},"address":"Calle Ayala n.158. bajo, D","postal_code":"28009","city":"Madrid","country":"Spanien","website":"http:\/\/www.padelfip.com\/","contact_person":"","phone":"","email":"secretaria@padelfip.com","social_media_vorlage":"","social_media":[{"network":"facebook","url":"https:\/\/www.facebook.com\/padelfip"},{"network":"twitter","url":"https:\/\/twitter.com\/padelfip"},{"network":"instagram","url":"https:\/\/www.instagram.com\/padelfip\/"}]},"_links":{"self":[{"href":"https:\/\/www.padel-test.de\/sv\/wp-json\/wp\/v2\/padel_association\/16526","targetHints":{"allow":["GET"]}}],"collection":[{"href":"https:\/\/www.padel-test.de\/sv\/wp-json\/wp\/v2\/padel_association"}],"about":[{"href":"https:\/\/www.padel-test.de\/sv\/wp-json\/wp\/v2\/types\/padel_association"}],"author":[{"embeddable":true,"href":"https:\/\/www.padel-test.de\/sv\/wp-json\/wp\/v2\/users\/1"}],"version-history":[{"count":0,"href":"https:\/\/www.padel-test.de\/sv\/wp-json\/wp\/v2\/padel_association\/16526\/revisions"}],"acf:post":[{"embeddable":true,"href":"https:\/\/www.padel-test.de\/sv\/wp-json\/wp\/v2\/posts\/17465"},{"embeddable":true,"href":"https:\/\/www.padel-test.de\/sv\/wp-json\/wp\/v2\/posts\/17598"},{"embeddable":true,"href":"https:\/\/www.padel-test.de\/sv\/wp-json\/wp\/v2\/posts\/17595"},{"embeddable":true,"href":"https:\/\/www.padel-test.de\/sv\/wp-json\/wp\/v2\/posts\/17618"}],"wp:featuredmedia":[{"embeddable":true,"href":"https:\/\/www.padel-test.de\/sv\/wp-json\/wp\/v2\/media\/14369"}],"wp:attachment":[{"href":"https:\/\/www.padel-test.de\/sv\/wp-json\/wp\/v2\/media?parent=16526"}],"curies":[{"name":"wp","href":"https:\/\/api.w.org\/{rel}","templated":true}]}}

<p>Den <strong>Internationella Padelförbundet FIP</strong> med säte i Madrid, grundades i juli 1991 som en överenskommelse mellan de argentinska, spanska och uruguayanska padelförbunden.</p>
<p>World Padel Federation, ofta bara kallad FIP Padel, är en ideell organisation på obestämd tid vars syfte är att främja alla former av padel i hela världen och att underlätta medlemsländernas tillgång till den internationella idrottsvärlden, samt att fastställa standarder för spelare i alla åldrar, tränare, domare och turneringar. Det långsiktiga målet för FIP är att erkännas av IOK och det associerade deltagandet av <a href="/sv/padel-nyheter/padel-olympiska-spelen/">Padel vid de olympiska spelen</a>.</p>
<p>FIP organiserar också världsmästerskapen i padel för män, kvinnor och juniorer och upprätthåller den eftertraktade världsrankingen bland spelarna.</p>

<p>FIP Padel: Die Internationale Padel Föderation FIP mit Sitz in Madrid wurde im Juli 1991 als Abkommen zwischen dem Argentinischen, dem Spanischen sowie Uruguayischen Padel-Verband gegründet.Der Padel Weltverb&#8230;</p>
