{"id":17133,"date":"2018-08-28T18:05:00","date_gmt":"2018-08-28T18:05:00","guid":{"rendered":"http:\/\/www.padel-test.de\/padel-nachrichten\/padel-trainer\/thomas-loenegren\/"},"modified":"2022-09-20T20:28:11","modified_gmt":"2022-09-20T20:28:11","slug":"thomas-loenegren","status":"publish","type":"padel_trainer","link":"https:\/\/www.padel-test.de\/sv\/padel-traenare-2\/thomas-loenegren\/","title":{"rendered":"Thomas L\u00f6negren"},"content":{"rendered":"<div id=\"attachment_5119\" style=\"width: 176px\" class=\"wp-caption alignright\"><img loading=\"lazy\" decoding=\"async\" aria-describedby=\"caption-attachment-5119\" class=\"wp-image-5119 size-full\" src=\"https:\/\/www.padel-test.de\/wp-content\/uploads\/2022\/09\/Foto.png\" alt=\"Thomas L\u00f6negren\" width=\"166\" height=\"167\" \/><p id=\"caption-attachment-5119\" class=\"wp-caption-text\">Thomas L\u00f6negren<\/p><\/div>\n<p>Thomas L\u00f6negren har drivit sin egen padelanl\u00e4ggning (TVN PADEL Essen) sedan 2015 och \u00e4r en licensierad padelcoach som f\u00f6r n\u00e4rvarande ocks\u00e5 tr\u00e4nar det tyska padellandslaget.<\/p>\n<p>Thomas var en av de f\u00f6rsta i Tyskland som tog till sig padelsporten fullt ut och var bland annat arrang\u00f6r av Padel Village p\u00e5 ISPO 2014 och 2015 (PADEL PLUS tillsammans med World Padel Tour. V\u00e4lk\u00e4nda padelspelare i v\u00e4rldsklass som Paquito Navaro, Matthias Diaz, Sebastian Nerone, Juan Gisbert, Hernan Auguste och Gaby Reca deltog i dessa padelevenemang p\u00e5 Tysklands st\u00f6rsta sportm\u00e4ssa.<\/p>\n<p>Thomas L\u00f6negren \u00e4r ocks\u00e5 styrelseledamot och grundare av DPB (German Padel Federation) och EPF (European Padel Federation).<\/p>\n<p>Innan dess gjorde han avtryck som tr\u00e4nare i professionell tennis och blev tysk Bundesligam\u00e4stare med TC BW Dinslaken 2001 - s\u00e5 han \u00e4r predestinerad att ge padelspelare den avg\u00f6rande polering de beh\u00f6ver f\u00f6r att bli framg\u00e5ngsrika.<\/p>","protected":false},"excerpt":{"rendered":"<p>Thomas L\u00f6negren driver sedan 2015 sin egen padelanl\u00e4ggning (TVN PADEL Essen) och \u00e4r en licensierad padeltr\u00e4nare som f\u00f6r n\u00e4rvarande \u00e4ven tr\u00e4nar det tyska padel-landslaget. Thomas var en av de f\u00f6rsta i Tyskland som helt anammade padelsporten och var bland annat arrang\u00f6r av Padel Village p\u00e5 ISPO 2014 och 2015...<\/p>","protected":false},"author":1,"template":"","class_list":["post-17133","padel_trainer","type-padel_trainer","status-publish","has-post-thumbnail","hentry"],"acf":{"company_name":"Padel-Trainer Thomas L\u00f6negren","company_logo":17136,"company_icon":17138,"logo_link_type":"nofollow","gallery":[],"company_news":null,"location":{"address":"Damaschkeweg 18, Dinslaken, Germany","lat":51.5678996,"lng":6.717877499999986,"zoom":14,"street_number":"","street_name":"","street_short_name":"","city":"","state":"","state_short":"","post_code":"","country":"","country_short":"","place_id":""},"address":"Damaschkeweg 1","postal_code":"46535","city":"Dinslaken","country":"Deutschland","website":"","contact_person":"Thomas L\u00f6negren","phone":"+49-176-20123601","email":"tl@padelplus.de","social_media_vorlage":"","social_media":null},"_links":{"self":[{"href":"https:\/\/www.padel-test.de\/sv\/wp-json\/wp\/v2\/padel_trainer\/17133","targetHints":{"allow":["GET"]}}],"collection":[{"href":"https:\/\/www.padel-test.de\/sv\/wp-json\/wp\/v2\/padel_trainer"}],"about":[{"href":"https:\/\/www.padel-test.de\/sv\/wp-json\/wp\/v2\/types\/padel_trainer"}],"author":[{"embeddable":true,"href":"https:\/\/www.padel-test.de\/sv\/wp-json\/wp\/v2\/users\/1"}],"version-history":[{"count":0,"href":"https:\/\/www.padel-test.de\/sv\/wp-json\/wp\/v2\/padel_trainer\/17133\/revisions"}],"wp:featuredmedia":[{"embeddable":true,"href":"https:\/\/www.padel-test.de\/sv\/wp-json\/wp\/v2\/media\/17140"}],"wp:attachment":[{"href":"https:\/\/www.padel-test.de\/sv\/wp-json\/wp\/v2\/media?parent=17133"}],"curies":[{"name":"wp","href":"https:\/\/api.w.org\/{rel}","templated":true}]}}

Thomas Lönegren

<div id="attachment_5119" style="width: 176px" class="wp-caption alignright"><img loading="lazy" decoding="async" aria-describedby="caption-attachment-5119" class="wp-image-5119 size-full" src="https://www.padel-test.de/wp-content/uploads/2022/09/Foto.png" alt="Thomas Lönegren" width="166" height="167" /><p id="caption-attachment-5119" class="wp-caption-text">Thomas Lönegren</p></div>
<p>Thomas Lönegren har drivit sin egen padelanläggning (TVN PADEL Essen) sedan 2015 och är en licensierad padelcoach som för närvarande också tränar det tyska padellandslaget.</p>
<p>Thomas var en av de första i Tyskland som tog till sig padelsporten fullt ut och var bland annat arrangör av Padel Village på ISPO 2014 och 2015 (PADEL PLUS tillsammans med World Padel Tour. Välkända padelspelare i världsklass som Paquito Navaro, Matthias Diaz, Sebastian Nerone, Juan Gisbert, Hernan Auguste och Gaby Reca deltog i dessa padelevenemang på Tysklands största sportmässa.</p>
<p>Thomas Lönegren är också styrelseledamot och grundare av DPB (German Padel Federation) och EPF (European Padel Federation).</p>
<p>Innan dess gjorde han avtryck som tränare i professionell tennis och blev tysk Bundesligamästare med TC BW Dinslaken 2001 - så han är predestinerad att ge padelspelare den avgörande polering de behöver för att bli framgångsrika.</p>

<p>Thomas Lönegren driver sedan 2015 sin egen padelanläggning (TVN PADEL Essen) och är en licensierad padeltränare som för närvarande även tränar det tyska padel-landslaget. Thomas var en av de första i Tyskland som helt anammade padelsporten och var bland annat arrangör av Padel Village på ISPO 2014 och 2015...</p>

Padel-Trainer Thomas Lönegren
