{"id":16581,"date":"2017-10-23T16:16:49","date_gmt":"2017-10-23T16:16:49","guid":{"rendered":"http:\/\/www.padel-test.de\/padel-verbaende\/padel-verband-europa\/"},"modified":"2022-11-16T20:58:50","modified_gmt":"2022-11-16T20:58:50","slug":"avrupa-padel-dernegi%cc%87","status":"publish","type":"padel_association","link":"https:\/\/www.padel-test.de\/tr\/padel-verbaende\/avrupa-padel-dernegi%cc%87\/","title":{"rendered":"Avrupa Padel Federasyonu EPF"},"content":{"rendered":"<p>Bu <strong>Avrupa Padel Federasyonu EPF<\/strong> (\"Avrupa Padel Federasyonu\") Madrid merkezli, padel dernekleri ile birlikte en fazla oyuncu ve padel kortuna sahip olan \u0130spanya ve Portekiz \u00fclkelerinin bir giri\u015fimidir.<\/p>\n<p>Avrupa Padel Federasyonu'nun misyonu, Avrupa Padel Federasyonu t\u00fcz\u00fc\u011f\u00fcne uygun olarak, \u00f6ncelikle Avrupa \u00e7ap\u0131nda etkinlikler d\u00fczenleyerek Avrupa \u00e7ap\u0131nda padelin b\u00fcy\u00fcmesini desteklemektir. <a href=\"\/tr\/padel-duenya-federasyonu\/\">FIP - D\u00fcnya Padel Federasyonu<\/a>.<\/p>","protected":false},"excerpt":{"rendered":"<p>Avrupa Padel Federasyonu EPF: Merkezi Madrid'de bulunan Avrupa Padel Federasyonu (EPF), padel dernekleriyle birlikte en fazla oyuncu ve padel kortuna sahip olan \u0130spanya ve Portekiz'in bir giri\u015fimidir ...<\/p>","protected":false},"author":1,"template":"","class_list":["post-16581","padel_association","type-padel_association","status-publish","hentry"],"acf":{"company_name":"Padel Verband Europa EPF","company_logo":16583,"company_icon":16585,"logo_link_type":"nofollow","gallery":"","company_news":"","location":{"address":"Avenida de Francisco Guerrero, 6b, San Sebasti\u00e1n de los Reyes, Spanien","lat":40.60479490000001,"lng":-3.584203500000058,"zoom":14,"street_number":"","street_name":"","street_short_name":"","city":"","state":"","state_short":"","post_code":"","country":"","country_short":"","place_id":""},"address":"Avda. Francisco Guerrero 6B","postal_code":"28706","city":"San Sebasti\u00e1n de los Reyes (Madrid)","country":"ES","website":"http:\/\/europeanpadelfederation.eu\/","contact_person":"","phone":"","email":"info@europeanpadelfederation.eu","social_media_vorlage":"","social_media":null},"_links":{"self":[{"href":"https:\/\/www.padel-test.de\/tr\/wp-json\/wp\/v2\/padel_association\/16581","targetHints":{"allow":["GET"]}}],"collection":[{"href":"https:\/\/www.padel-test.de\/tr\/wp-json\/wp\/v2\/padel_association"}],"about":[{"href":"https:\/\/www.padel-test.de\/tr\/wp-json\/wp\/v2\/types\/padel_association"}],"author":[{"embeddable":true,"href":"https:\/\/www.padel-test.de\/tr\/wp-json\/wp\/v2\/users\/1"}],"version-history":[{"count":0,"href":"https:\/\/www.padel-test.de\/tr\/wp-json\/wp\/v2\/padel_association\/16581\/revisions"}],"wp:attachment":[{"href":"https:\/\/www.padel-test.de\/tr\/wp-json\/wp\/v2\/media?parent=16581"}],"curies":[{"name":"wp","href":"https:\/\/api.w.org\/{rel}","templated":true}]}}

<p>Bu <strong>Avrupa Padel Federasyonu EPF</strong> ("Avrupa Padel Federasyonu") Madrid merkezli, padel dernekleri ile birlikte en fazla oyuncu ve padel kortuna sahip olan İspanya ve Portekiz ülkelerinin bir girişimidir.</p>
<p>Avrupa Padel Federasyonu'nun misyonu, Avrupa Padel Federasyonu tüzüğüne uygun olarak, öncelikle Avrupa çapında etkinlikler düzenleyerek Avrupa çapında padelin büyümesini desteklemektir. <a href="/tr/padel-duenya-federasyonu/">FIP - Dünya Padel Federasyonu</a>.</p>

<p>Avrupa Padel Federasyonu EPF: Merkezi Madrid'de bulunan Avrupa Padel Federasyonu (EPF), padel dernekleriyle birlikte en fazla oyuncu ve padel kortuna sahip olan İspanya ve Portekiz'in bir girişimidir ...</p>

Avenida de Francisco Guerrero, 6b, San Sebastián de los Reyes, Spanien

San Sebastián de los Reyes (Madrid)
